{"id":2,"date":"2013-12-26T09:05:39","date_gmt":"2013-12-26T09:05:39","guid":{"rendered":"http:\/\/iespedroantoniodealarcon.es\/geohistoria\/?page_id=2"},"modified":"2014-01-10T16:50:08","modified_gmt":"2014-01-10T16:50:08","slug":"pagina-ejemplo","status":"publish","type":"page","link":"http:\/\/iespedroantoniodealarcon.es\/geohistoria\/","title":{"rendered":"Portada"},"content":{"rendered":"<p style=\"text-align: center;\">Bienvenido\/a a la p\u00e1gina del Departamento de Ciencias Sociales, Geograf\u00eda e Historia del IES Pedro Antonio de Alarc\u00f3n<\/p>\n<p style=\"text-align: center;\"><a href=\"http:\/\/iespedroantoniodealarcon.es\/geohistoria\/wp-content\/uploads\/sites\/4\/2013\/12\/ofelia-muerta-millais.jpg\"><img loading=\"lazy\" decoding=\"async\" class=\"aligncenter size-medium wp-image-8\" alt=\"ofelia muerta millais\" src=\"http:\/\/iespedroantoniodealarcon.es\/geohistoria\/wp-content\/uploads\/sites\/4\/2013\/12\/ofelia-muerta-millais-300x210.jpg\" width=\"300\" height=\"210\" data-id=\"8\" srcset=\"http:\/\/iespedroantoniodealarcon.es\/geohistoria\/wp-content\/uploads\/sites\/4\/2013\/12\/ofelia-muerta-millais-300x210.jpg 300w, http:\/\/iespedroantoniodealarcon.es\/geohistoria\/wp-content\/uploads\/sites\/4\/2013\/12\/ofelia-muerta-millais.jpg 800w\" sizes=\"auto, (max-width: 300px) 100vw, 300px\" \/><\/a><em>Ofelia muerta<\/em>. J. E. Millais. 1851-1852. Tate Gallery de Londres<\/p>\n","protected":false},"excerpt":{"rendered":"<p>Bienvenido\/a a la p\u00e1gina del Departamento de Ciencias Sociales, Geograf\u00eda e Historia del IES Pedro Antonio de Alarc\u00f3n Ofelia muerta. J. E. Millais. 1851-1852. Tate Gallery de Londres<\/p>\n","protected":false},"author":7,"featured_media":0,"parent":0,"menu_order":0,"comment_status":"closed","ping_status":"closed","template":"","meta":{"footnotes":""},"class_list":["post-2","page","type-page","status-publish","hentry"],"_links":{"self":[{"href":"http:\/\/iespedroantoniodealarcon.es\/geohistoria\/wp-json\/wp\/v2\/pages\/2","targetHints":{"allow":["GET"]}}],"collection":[{"href":"http:\/\/iespedroantoniodealarcon.es\/geohistoria\/wp-json\/wp\/v2\/pages"}],"about":[{"href":"http:\/\/iespedroantoniodealarcon.es\/geohistoria\/wp-json\/wp\/v2\/types\/page"}],"author":[{"embeddable":true,"href":"http:\/\/iespedroantoniodealarcon.es\/geohistoria\/wp-json\/wp\/v2\/users\/7"}],"replies":[{"embeddable":true,"href":"http:\/\/iespedroantoniodealarcon.es\/geohistoria\/wp-json\/wp\/v2\/comments?post=2"}],"version-history":[{"count":4,"href":"http:\/\/iespedroantoniodealarcon.es\/geohistoria\/wp-json\/wp\/v2\/pages\/2\/revisions"}],"predecessor-version":[{"id":41,"href":"http:\/\/iespedroantoniodealarcon.es\/geohistoria\/wp-json\/wp\/v2\/pages\/2\/revisions\/41"}],"wp:attachment":[{"href":"http:\/\/iespedroantoniodealarcon.es\/geohistoria\/wp-json\/wp\/v2\/media?parent=2"}],"curies":[{"name":"wp","href":"https:\/\/api.w.org\/{rel}","templated":true}]}}

<p style="text-align: center;">Bienvenido/a a la página del Departamento de Ciencias Sociales, Geografía e Historia del IES Pedro Antonio de Alarcón</p>
<p style="text-align: center;"><a href="http://iespedroantoniodealarcon.es/geohistoria/wp-content/uploads/sites/4/2013/12/ofelia-muerta-millais.jpg"><img loading="lazy" decoding="async" class="aligncenter size-medium wp-image-8" alt="ofelia muerta millais" src="http://iespedroantoniodealarcon.es/geohistoria/wp-content/uploads/sites/4/2013/12/ofelia-muerta-millais-300x210.jpg" width="300" height="210" data-id="8" srcset="http://iespedroantoniodealarcon.es/geohistoria/wp-content/uploads/sites/4/2013/12/ofelia-muerta-millais-300x210.jpg 300w, http://iespedroantoniodealarcon.es/geohistoria/wp-content/uploads/sites/4/2013/12/ofelia-muerta-millais.jpg 800w" sizes="auto, (max-width: 300px) 100vw, 300px" /></a><em>Ofelia muerta</em>. J. E. Millais. 1851-1852. Tate Gallery de Londres</p>

<p>Bienvenido/a a la página del Departamento de Ciencias Sociales, Geografía e Historia del IES Pedro Antonio de Alarcón Ofelia muerta. J. E. Millais. 1851-1852. Tate Gallery de Londres</p>
