{"id":98,"date":"2014-02-24T16:31:07","date_gmt":"2014-02-24T16:31:07","guid":{"rendered":"http:\/\/iespedroantoniodealarcon.es\/exlibris\/?page_id=98"},"modified":"2014-02-24T16:56:09","modified_gmt":"2014-02-24T16:56:09","slug":"normas-de-funcionamiento","status":"publish","type":"page","link":"http:\/\/iespedroantoniodealarcon.es\/exlibris\/normas-de-funcionamiento\/","title":{"rendered":"C\u00f3mo y cu\u00e1ndo"},"content":{"rendered":"<p style=\"text-align: justify;\">C\u00d3MO<\/p>\n<p style=\"text-align: justify;\">&#8211; Puedes coger y consultar cualquier libro o documento de las estanter\u00edas, pero para facilitarte la tarea te sugerimos que consultes directamente a los responsables de la biblioteca o a tu tutor. Ellos te informar\u00e1n de temas, autores\u00a0 o novedades.<\/p>\n<p style=\"text-align: justify;\">&#8211; Cuando cojas un libro de la estanter\u00eda ha de ser cuidadoso y dejar el resto de los libros bien colocados, ya que est\u00e1n por orden alfab\u00e9tico.<\/p>\n<p style=\"text-align: justify;\">-Cu\u00e1ndo est\u00e9s en la biblioteca guarda silencio o haz el m\u00ednimo ruido posible para no molestar a los que leen o trabajan.<\/p>\n<p style=\"text-align: justify;\">&#8211; En la Biblioteca Escolar est\u00e1 prohibido comer y beber.<\/p>\n<p style=\"text-align: justify;\">&#8211; Debes cumplir con los plazos de los pr\u00e9stamos y entregarlos a los responsables de la biblioteca para que anoten la devoluci\u00f3n en el programa inform\u00e1tico ABIES. Nunca los coloques t\u00fa en las estanter\u00edas.<\/p>\n<p style=\"text-align: justify;\">&#8211; Debes cuidar los libros ya que son caros y muchos t\u00edtulos ya no est\u00e1n disponibles\u00a0 en las librer\u00edas. Tr\u00e1talos con cuidado, no arranques ninguna pegatina. Cada lector es responsable de los libros que toma en pr\u00e9stamo y si los deteriora deber\u00e1 reponerlos.<\/p>\n<p style=\"text-align: justify;\">CU\u00c1NDO<\/p>\n<p style=\"text-align: justify;\">El horario de atenci\u00f3n matinal de la Biblioteca ser\u00e1 durante los <strong>recreos de lunes a viernes (11,15 h . &#8211; 11,45 h.) y de 11,45 a 12,45 h. los martes y los jueves<\/strong>.<\/p>\n<div><\/div>\n","protected":false},"excerpt":{"rendered":"<p>C\u00d3MO &#8211; Puedes coger y consultar cualquier libro o documento de las estanter\u00edas, pero para facilitarte la tarea te sugerimos que consultes directamente a los responsables de la biblioteca o &hellip; <a href=\"http:\/\/iespedroantoniodealarcon.es\/exlibris\/normas-de-funcionamiento\/\" class=\"more-link\">Seguir leyendo <span class=\"screen-reader-text\">C\u00f3mo y cu\u00e1ndo<\/span> <span class=\"meta-nav\">&rarr;<\/span><\/a><\/p>\n","protected":false},"author":1,"featured_media":0,"parent":0,"menu_order":0,"comment_status":"closed","ping_status":"closed","template":"","meta":{"footnotes":""},"class_list":["post-98","page","type-page","status-publish","hentry"],"_links":{"self":[{"href":"http:\/\/iespedroantoniodealarcon.es\/exlibris\/wp-json\/wp\/v2\/pages\/98","targetHints":{"allow":["GET"]}}],"collection":[{"href":"http:\/\/iespedroantoniodealarcon.es\/exlibris\/wp-json\/wp\/v2\/pages"}],"about":[{"href":"http:\/\/iespedroantoniodealarcon.es\/exlibris\/wp-json\/wp\/v2\/types\/page"}],"author":[{"embeddable":true,"href":"http:\/\/iespedroantoniodealarcon.es\/exlibris\/wp-json\/wp\/v2\/users\/1"}],"replies":[{"embeddable":true,"href":"http:\/\/iespedroantoniodealarcon.es\/exlibris\/wp-json\/wp\/v2\/comments?post=98"}],"version-history":[{"count":6,"href":"http:\/\/iespedroantoniodealarcon.es\/exlibris\/wp-json\/wp\/v2\/pages\/98\/revisions"}],"predecessor-version":[{"id":124,"href":"http:\/\/iespedroantoniodealarcon.es\/exlibris\/wp-json\/wp\/v2\/pages\/98\/revisions\/124"}],"wp:attachment":[{"href":"http:\/\/iespedroantoniodealarcon.es\/exlibris\/wp-json\/wp\/v2\/media?parent=98"}],"curies":[{"name":"wp","href":"https:\/\/api.w.org\/{rel}","templated":true}]}}