{"id":61,"date":"2014-01-28T16:57:19","date_gmt":"2014-01-28T16:57:19","guid":{"rendered":"http:\/\/iespedroantoniodealarcon.es\/exlibris\/?page_id=61"},"modified":"2014-02-24T16:46:34","modified_gmt":"2014-02-24T16:46:34","slug":"portada","status":"publish","type":"page","link":"http:\/\/iespedroantoniodealarcon.es\/exlibris\/","title":{"rendered":"Portada"},"content":{"rendered":"<p style=\"text-align: center;\"><img loading=\"lazy\" decoding=\"async\" class=\"aligncenter\" alt=\"\" src=\"http:\/\/iespedroantoniodealarcon.es\/exlibris\/wp-content\/uploads\/sites\/7\/2014\/01\/alarcon05.jpg\" width=\"275\" height=\"450\" data-id=\"11\" \/><\/p>\n<p style=\"text-align: center;\"><strong>Bienvenido\/a al Blog de la Biblioteca del<\/strong><\/p>\n<p style=\"text-align: center;\"><strong>IES Pedro Antonio de Alarc\u00f3n<\/strong><\/p>\n<p style=\"text-align: center;\">Aqu\u00ed podr\u00e1s ver las novedades, actividades, enlaces, rese\u00f1as y servicios. Esperamos que sea de tu agrado y que aportes comentarios e ideas.<\/p>\n<p style=\"text-align: center;\">La Biblioteca permanecer\u00e1 abierta todos los recreos a partir del 1 de octubre.<\/p>\n<div><\/div>\n","protected":false},"excerpt":{"rendered":"<p>Bienvenido\/a al Blog de la Biblioteca del IES Pedro Antonio de Alarc\u00f3n Aqu\u00ed podr\u00e1s ver las novedades, actividades, enlaces, rese\u00f1as y servicios. Esperamos que sea de tu agrado y que &hellip; <a href=\"http:\/\/iespedroantoniodealarcon.es\/exlibris\/\" class=\"more-link\">Seguir leyendo <span class=\"screen-reader-text\">Portada<\/span> <span class=\"meta-nav\">&rarr;<\/span><\/a><\/p>\n","protected":false},"author":1,"featured_media":0,"parent":0,"menu_order":0,"comment_status":"closed","ping_status":"closed","template":"","meta":{"footnotes":""},"class_list":["post-61","page","type-page","status-publish","hentry"],"_links":{"self":[{"href":"http:\/\/iespedroantoniodealarcon.es\/exlibris\/wp-json\/wp\/v2\/pages\/61","targetHints":{"allow":["GET"]}}],"collection":[{"href":"http:\/\/iespedroantoniodealarcon.es\/exlibris\/wp-json\/wp\/v2\/pages"}],"about":[{"href":"http:\/\/iespedroantoniodealarcon.es\/exlibris\/wp-json\/wp\/v2\/types\/page"}],"author":[{"embeddable":true,"href":"http:\/\/iespedroantoniodealarcon.es\/exlibris\/wp-json\/wp\/v2\/users\/1"}],"replies":[{"embeddable":true,"href":"http:\/\/iespedroantoniodealarcon.es\/exlibris\/wp-json\/wp\/v2\/comments?post=61"}],"version-history":[{"count":5,"href":"http:\/\/iespedroantoniodealarcon.es\/exlibris\/wp-json\/wp\/v2\/pages\/61\/revisions"}],"predecessor-version":[{"id":119,"href":"http:\/\/iespedroantoniodealarcon.es\/exlibris\/wp-json\/wp\/v2\/pages\/61\/revisions\/119"}],"wp:attachment":[{"href":"http:\/\/iespedroantoniodealarcon.es\/exlibris\/wp-json\/wp\/v2\/media?parent=61"}],"curies":[{"name":"wp","href":"https:\/\/api.w.org\/{rel}","templated":true}]}}

<p style="text-align: center;"><img loading="lazy" decoding="async" class="aligncenter" alt="" src="http://iespedroantoniodealarcon.es/exlibris/wp-content/uploads/sites/7/2014/01/alarcon05.jpg" width="275" height="450" data-id="11" /></p>
<p style="text-align: center;"><strong>Bienvenido/a al Blog de la Biblioteca del</strong></p>
<p style="text-align: center;"><strong>IES Pedro Antonio de Alarcón</strong></p>
<p style="text-align: center;">Aquí podrás ver las novedades, actividades, enlaces, reseñas y servicios. Esperamos que sea de tu agrado y que aportes comentarios e ideas.</p>
<p style="text-align: center;">La Biblioteca permanecerá abierta todos los recreos a partir del 1 de octubre.</p>
<div></div>

<p>Bienvenido/a al Blog de la Biblioteca del IES Pedro Antonio de Alarcón Aquí podrás ver las novedades, actividades, enlaces, reseñas y servicios. Esperamos que sea de tu agrado y que &hellip; <a href="http://iespedroantoniodealarcon.es/exlibris/" class="more-link">Seguir leyendo <span class="screen-reader-text">Portada</span> <span class="meta-nav">&rarr;</span></a></p>
