{"id":52,"date":"2014-01-28T16:52:52","date_gmt":"2014-01-28T16:52:52","guid":{"rendered":"http:\/\/iespedroantoniodealarcon.es\/exlibris\/?page_id=52"},"modified":"2014-02-24T16:54:25","modified_gmt":"2014-02-24T16:54:25","slug":"enlaces","status":"publish","type":"page","link":"http:\/\/iespedroantoniodealarcon.es\/exlibris\/enlaces\/","title":{"rendered":"Enlaces"},"content":{"rendered":"<p><a href=\"http:\/\/biblioteca.ugr.es\/pages\/biblioteca_electronica\" target=\"_blank\">BIBLIOTECA ELECTR\u00d3NICA DE LA UNIVERSIDAD DE GRANADA<\/a><\/p>\n<p><a href=\"http:\/\/www.diccionarios.com\" target=\"_blank\">DICCIONARIO ESPA\u00d1OL Y MULTILING\u00dcE<\/a><\/p>\n<p><a href=\"http:\/\/www.librosgratis.org\" target=\"_blank\">LIBROS GRATIS<\/a><\/p>\n<p><a href=\"http:\/\/www.juntadeandalucia.es\/cultura\/ba\/\" target=\"_blank\">BIBLIOTECA DE ANDALUC\u00cdA<\/a><\/p>\n<p><a href=\"http:\/\/www.rae.es\" target=\"_blank\">REAL ACADEMIA ESPA\u00d1OLA<\/a><\/p>\n<p><a href=\"http:\/\/www.bibliotecaspublicas.es\/index.jsp\" target=\"_blank\">BIBLIOTECAS P\u00daBLICAS<\/a><\/p>\n<p>&nbsp;<\/p>\n","protected":false},"excerpt":{"rendered":"<p>BIBLIOTECA ELECTR\u00d3NICA DE LA UNIVERSIDAD DE GRANADA DICCIONARIO ESPA\u00d1OL Y MULTILING\u00dcE LIBROS GRATIS BIBLIOTECA DE ANDALUC\u00cdA REAL ACADEMIA ESPA\u00d1OLA BIBLIOTECAS P\u00daBLICAS &nbsp;<\/p>\n","protected":false},"author":1,"featured_media":0,"parent":0,"menu_order":0,"comment_status":"closed","ping_status":"closed","template":"","meta":{"footnotes":""},"class_list":["post-52","page","type-page","status-publish","hentry"],"_links":{"self":[{"href":"http:\/\/iespedroantoniodealarcon.es\/exlibris\/wp-json\/wp\/v2\/pages\/52","targetHints":{"allow":["GET"]}}],"collection":[{"href":"http:\/\/iespedroantoniodealarcon.es\/exlibris\/wp-json\/wp\/v2\/pages"}],"about":[{"href":"http:\/\/iespedroantoniodealarcon.es\/exlibris\/wp-json\/wp\/v2\/types\/page"}],"author":[{"embeddable":true,"href":"http:\/\/iespedroantoniodealarcon.es\/exlibris\/wp-json\/wp\/v2\/users\/1"}],"replies":[{"embeddable":true,"href":"http:\/\/iespedroantoniodealarcon.es\/exlibris\/wp-json\/wp\/v2\/comments?post=52"}],"version-history":[{"count":4,"href":"http:\/\/iespedroantoniodealarcon.es\/exlibris\/wp-json\/wp\/v2\/pages\/52\/revisions"}],"predecessor-version":[{"id":122,"href":"http:\/\/iespedroantoniodealarcon.es\/exlibris\/wp-json\/wp\/v2\/pages\/52\/revisions\/122"}],"wp:attachment":[{"href":"http:\/\/iespedroantoniodealarcon.es\/exlibris\/wp-json\/wp\/v2\/media?parent=52"}],"curies":[{"name":"wp","href":"https:\/\/api.w.org\/{rel}","templated":true}]}}